et s be o/(-10) + 2/5. What is the greatest common divisor of 19 and s?
19
Suppose 138 = 3*n - 4*i, 0 = -n + i + 17 + 28. Let v be ((-24)/28)/((-2)/n). What is the highest common divisor of v and 2?
2
Let q(a) = 10*a**3 - a. Let w be q(1). Suppose -4*h = 2*m - w*h - 1609, 3*m + 2*h = 2461. Let c = m + -564. What is the greatest common factor of 23 and c?
23
Suppose -10*h - 144 = -14*h. Calculate the highest common factor of 60 and h.
12
Let v(p) = 2*p**2 - 3*p + 1. Let q be v(-4). Let x = 96 - q. Let c = -12 + x. What is the highest common divisor of c and 13?
13
Suppose 0 = -7*k + 9*k - 1386. What is the highest common factor of 63 and k?
63
Let u(d) = 3*d**2 + 3*d + 2. Let l be u(-2). Let a be l/(-4)*(1 - 6). What is the greatest common factor of 25 and a?
5
Suppose -2*v = -0*v - 20. Let u be 19 + (-1)/(-2)*2. Suppose -2*q = -0 - u. Calculate the greatest common divisor of v and q.
10
Let i(g) = -4*g + 43. Let h be i(9). Let s = 187 + -110. What is the greatest common factor of h and s?
7
Let k = 352 + -196. Calculate the highest common factor of k and 12.
12
Suppose 0*u - 3*u = -4*w + 13, -3*w - 3*u + 36 = 0. Suppose 2*v - 252 = -4*j, -2*j - 4*v = -36 - 90. Calculate the greatest common factor of w and j.
7
Suppose 4*o = 11 + 9. Let j be 4/18 + (-1850)/(-18). Suppose -o*l + j = -57. Calculate the highest common divisor of l and 4.
4
Let d(l) be the second derivative of l**4/12 + l**3/6 + 5*l**2 - 4*l. Let v = 0 - -10. Let g be d(v). Calculate the greatest common divisor of g and 15.
15
Let b be 3/(-7) - (-27)/63. Suppose -4*h - 3*x + 546 = b, -266 = -2*h - x + 3*x. What is the highest common factor of h and 27?
27
Let d = -188 + 208. Let h be (-2 - -3)/((-2)/(-82)). Suppose -4*j + 159 = -h. What is the greatest common factor of d and j?
10
Let d = -16 - -14. Let z = d - -19. What is the highest common divisor of z and 136?
17
Suppose 0*p = 3*p - 15. Let a(d) = d**3 + 2*d + 1. Let w be a(0). Calculate the greatest common factor of w and p.
1
Let v(p) = -7*p**3 + 3*p**3 + 3*p**3 + 2*p**2. Let a be v(1). Let n = -3 - -6. Calculate the highest common factor of n and a.
1
Let f be 9/((-9)/(-10)) + -2. Let d = f - 5. What is the greatest common factor of 24 and d?
3
Suppose -4*n + c + 237 = 61, 5*n + 2*c - 220 = 0. Calculate the greatest common divisor of n and 4.
4
Let l be 3*1/1 + -2. Let k be (l/4)/(2/8). Suppose -13 - k = -3*x - 4*a, -x + a = -7. What is the greatest common divisor of x and 9?
3
Suppose 19 = 5*b + n - 18, 3*b + 2*n - 25 = 0. Suppose 3*a + b = 4*a. What is the greatest common factor of 56 and a?
7
Suppose 4*y - 12 - 36 = 0. Calculate the greatest common factor of y and 60.
12
Suppose 0 = -3*a + 20 + 22. Suppose 3*v - 4*z = z + 28, -5*z - 34 = -4*v. Let g = -4 + v. Calculate the highest common divisor of a and g.
2
Let w be -2 + 1/(2/334). Let n(i) = -1 + 2*i**2 + i - i + 14*i**3. Let r be n(1). Calculate the highest common factor of r and w.
15
Let o(i) = 2*i**2 - 5*i - 4. Let d be o(4). What is the highest common divisor of d and 48?
8
Let n = 9 + 11. Calculate the greatest common divisor of 2 and n.
2
Let d be 84/(-49)*(2*-11 - -1). Calculate the greatest common factor of d and 324.
36
Suppose 2*r + 4*i = 28, i = 4*r + 4*i - 46. Let v be (1 - 2)/((-1)/20). Calculate the highest common divisor of r and v.
10
Suppose 4*u + 3*m - 62 = 5*m, -5*u - 4*m = -45. Let q be (18/4)/3 + (-231)/(-2). Calculate the greatest common factor of u and q.
13
Let t(i) = -2*i + 3. Let z be t(-5). Let x be (122/(-14) + 8/(-28))*-13. Calculate the greatest common divisor of x and z.
13
Let s be 45*(-2 + -2)/(-2). Calculate the highest common factor of 225 and s.
45
Let s be (-24 + 4)/((-2)/4). Suppose r = 3*r - s. What is the highest common factor of 50 and r?
10
Suppose f + 1 = 9. Let l(s) = s**3 - 9*s**2 + 8*s + 1. Let b be l(f). Calculate the highest common factor of b and 8.
1
Let r be (-1 - 34/(-4))*4. What is the greatest common divisor of r and 15?
15
Let u(w) = -w**2 - w + 1. Let m(z) = 2 - z + 4*z**2 + 5*z + z**2. Let r(o) = m(o) + 4*u(o). Let j be r(-7). What is the greatest common divisor of j and 5?
5
Suppose -12 = 2*d + 2*w - w, -4*w = -d + 12. Suppose -5*z = -45 - 40. Let p = d + z. What is the greatest common factor of p and 143?
13
Let v be (-500)/30*(-12)/10. Calculate the greatest common factor of 30 and v.
10
Let b be (-7)/4*-6*6. Let d(r) = -r**3 + 3*r**2 + 2. Let h be d(3). Suppose -6 = -2*q - 4*z, h*q = -3*z + 4 + 4. Calculate the highest common factor of b and q.
7
Let w = -6 - -25. Let d(j) be the third derivative of -5*j**4/24 - j**3 + j**2. Let r be d(-5). What is the greatest common factor of r and w?
19
Suppose -2*g + 151 = -3*f, g - f = 6 + 67. Calculate the highest common divisor of g and 102.
34
Suppose 0*p + 6 = 3*p. Suppose 2*k + 8 = 3*k. Calculate the highest common factor of p and k.
2
Suppose -17*r + 11*r = -396. Calculate the greatest common factor of r and 165.
33
Let b be (20/35)/((-2)/(-7)). Suppose i = l - 2, i + 1 = -b*l - 2*i. Let r = -3 + 10. Calculate the greatest common divisor of r and l.
1
Suppose 3*p - 39 = -5*j + 121, -55 = -p - 2*j. Suppose 0 = -2*a - a + p. Suppose -x + 5*x - 60 = 0. Calculate the highest common divisor of a and x.
15
Suppose 24 = -x + 7*x. What is the greatest common factor of 4 and x?
4
Suppose -3*h + 5 = -4. Suppose h*s = -9, 2*i = -i + 2*s + 216. Calculate the greatest common factor of 28 and i.
14
Let s(w) = 42*w**2 + w - 1. Let y be s(1). Let i be 52*2/1 + 1. Calculate the greatest common factor of i and y.
21
Let r(v) = 127*v**3 - 2*v + 1. Let s be r(1). Calculate the greatest common factor of s and 18.
18
Let v(o) = -o - 3. Let q be v(3). Let a(b) = -b**3 - 7*b**2 - 9*b - 2. Let m be a(q). What is the highest common divisor of m and 144?
16
Let o = 6 - 3. Suppose o*i - 51 = -3*k, 8*k = 3*k + 25. Let f = i - -6. Calculate the highest common divisor of 126 and f.
18
Suppose 3*d = 4*q - d - 456, 2*d = 3*q - 338. Suppose -5*m = -140 - q. Calculate the greatest common factor of 10 and m.
10
Let w = -46 + 21. Let q be 10/w + 34/10. Suppose -3*o + q*n = -261, 4*n + 78 = -o + 2*o. What is the highest common divisor of o and 18?
18
Let w(d) = 12*d**3 + d**2. Let g be w(1). Let x = -2 + 3. Let t be -1 + x + 50 + 2. What is the highest common factor of g and t?
13
Let l(q) = q. Let t be l(1). Let d be 3/(1 + t/(-4)). Calculate the greatest common factor of d and 8.
4
Suppose -b + 0*w + 216 = -w, b - 5*w - 224 = 0. Let z = b - 153. Suppose -p + z = -29. What is the greatest common factor of 10 and p?
10
Suppose -z + y = -2 + 1, 0 = -5*z + 3*y + 7. Let u be z/3 - 37/(-3). What is the highest common factor of u and 104?
13
Suppose 16 - 1 = 3*l. Calculate the greatest common factor of l and 3.
1
Let b(p) = p**2 + 7*p + 12. Let j be b(-7). Calculate the greatest common factor of j and 12.
12
Suppose -g + 18 = -7. What is the greatest common divisor of 75 and g?
25
Let n(x) = -2*x - 2. Let z be n(-3). Suppose 0 = -k + 4*k - 2*a - 5, -14 = -2*k - z*a. Calculate the highest common divisor of k and 3.
3
Let t be 4 - 2*(4 - 27). Calculate the greatest common factor of 10 and t.
10
Let s(c) = c**3 + 13*c**2 + 8*c. Let m be s(-12). Calculate the greatest common factor of 6 and m.
6
Let l be (18/(-4))/((-8)/(-528)). Let u be l/(-3 - 0) + 1. What is the highest common factor of 20 and u?
20
Suppose -3*p - 1 = 5, 5*p - 5 = 3*r. Let j = r - -7. Let s be (-61)/(-6) - (-1)/(-6). What is the greatest common divisor of s and j?
2
Suppose -2*w = -3*w. Suppose w = 2*o - 50 - 22. Calculate the greatest common factor of o and 24.
12
Suppose -81 = -5*s + 3*p, -p - 2*p + 63 = 3*s. What is the highest common divisor of s and 99?
9
Let y = 149 - 76. Suppose 5*m - 42 = y. Suppose -4*f + 17 + m = 0. Calculate the greatest common divisor of 10 and f.
10
Suppose -4*m + 76 = -0*m. Suppose -s + 9 = 5*o, -o - 4*o + s + 1 = 0. Let w = m - o. Calculate the greatest common factor of w and 9.
9
Let g(v) = -2*v - 12. Let z be g(-11). What is the greatest common divisor of 10 and z?
10
Let a be 3/1*1*7. Suppose 2*w - 2 = w. Suppose w*s + s - 255 = -4*u, 3*s = -2*u + 129. What is the greatest common divisor of u and a?
21
Let s be 12/9*(-45)/(-10). Let b = 5 + -3. Calculate the highest common divisor of b and s.
2
Suppos